= -3*r, -3*r + 3 = -0*r. Let m = 31 + o. What is the units digit of m?
1
Suppose -5*g - 10 = 0, -2*f = 4*g - 8*g - 20. Suppose 0 = -7*z + 4*z. Let o = f + z. What is the units digit of o?
6
Let b = 3 - 0. Let h = 8 + b. What is the tens digit of h?
1
Suppose 6*x = 3*x. Suppose -h - 2 + 11 = x. What is the units digit of h?
9
Suppose 0 = -f - 3*f + 248. Suppose 5*k = f + 53. What is the units digit of k?
3
Let s(q) = q**3 + 2*q**3 - 3*q**3 + 1 - 4*q**2 + q**3 + 4*q. What is the units digit of s(3)?
4
Suppose 28 = -53*c + 57*c. What is the units digit of c?
7
Suppose 0 = 3*o + 5*p - 44, -48 = -3*o - 6*p + 3*p. Let r be (-224)/(-36) + (-4)/o. What is the tens digit of r/(-4)*(-228)/18?
1
Suppose -r = -9*r + 760. What is the tens digit of r?
9
Suppose c - 41 = -8. What is the tens digit of c?
3
Let h = 2 - 2. Suppose h = -2*p - p. Suppose p = -4*a, 0*y - a = 3*y - 48. What is the units digit of y?
6
Suppose -2*p + 4*n + 210 = -46, 3*p + 3*n - 411 = 0. What is the hundreds digit of p?
1
Let j(l) be the first derivative of -3*l**2/2 - 10*l - 3. What is the tens digit of j(-13)?
2
Let p = -16 - -21. Suppose p*k - k = 156. What is the tens digit of k?
3
Suppose g - 3*c = -6 - 2, 2*c = -g - 18. What is the tens digit of (-4)/g - (-276)/14?
2
What is the hundreds digit of (2/(-4)*-2)/((-2)/(-234))?
1
What is the units digit of ((-16)/(-6))/(10/15)?
4
Let c = 28 - 42. Let r = c + 62. What is the tens digit of r?
4
Suppose 0 = 3*n - 9, 4*c + 3*n = 16 - 7. Suppose -2*y = 7*t - 3*t - 42, c = 2*t + 2*y - 26. What is the units digit of (-5)/(-2) - (-4)/t?
3
Let o(v) = -v. Let n be o(-4). Suppose f = n*f. What is the units digit of f + -3 - (-10 + -2)?
9
Suppose -230 = -5*f + 175. Suppose k + f = 5*z + 4*k, -17 = -z - k. What is the tens digit of z?
1
Let z(o) = -o + 2. Suppose 0 = -4*u + 8 - 4. Let t = -7 - u. What is the units digit of z(t)?
0
Let c(v) = -v**2 - 10*v - 7. Let n = 8 - 16. What is the units digit of c(n)?
9
Suppose -3*d = 4 + 11. Let u(l) = l**2 + 4*l + 3. What is the units digit of u(d)?
8
Suppose -3 + 7 = n. Suppose -4*f - l + 24 = 0, n = -2*f + l + 22. What is the units digit of f?
7
Let j(m) = 3*m**2 + 4*m + 2. Suppose -v - 2 = -4. Suppose -i - 9 = v*i. What is the tens digit of j(i)?
1
Suppose 4*d + d = 20. Let k be 3*(1 + -3)/2. Let c = k + d. What is the units digit of c?
1
Let f(q) = -q**3 + q**2 + 39. What is the tens digit of f(0)?
3
Suppose -35 = 8*x - 3*x. Let k(s) = 2*s**2 + 12*s - 13. Let f(b) = b**2 + 6*b - 6. Let h(l) = 7*f(l) - 4*k(l). What is the units digit of h(x)?
3
Let d be (9/(-6))/(6/(-8)). Suppose -5*s = -2*r + 5*r - 67, 25 = d*s + 3*r. Suppose 0 = -0*z - 2*z + s. What is the units digit of z?
7
Let z(n) = -73*n. What is the tens digit of z(-1)?
7
Suppose -3*x = -6*x - 240. What is the units digit of (3/(-4))/(2/x)?
0
Suppose 2*v + 0*v = -5*n + 10, 0 = 2*v. Suppose n*c = c. Suppose -2*j + 16 - 2 = c. What is the units digit of j?
7
Let k(v) = -11*v**3 - v - 1. Let b be k(-1). Suppose -1 = -2*u + b. What is the units digit of u?
6
Let v be (-6)/(-4)*(-284)/(-3). Suppose -5*h + v = -243. Suppose -h = -5*j - 27. What is the tens digit of j?
1
Suppose 6*k - 5*k = 4. What is the tens digit of (-126)/k*(-14)/21?
2
Let o(h) = -12*h - 12. What is the tens digit of o(-5)?
4
Suppose 16 + 39 = 5*t. What is the units digit of t?
1
Suppose 6*d - 475 = d. Let t = d - 55. What is the units digit of t?
0
Suppose -2 = -7*s + 6*s. Suppose -a = 3*a, 0 = t - 3*a - s. What is the units digit of t?
2
Let g be 2 - (-2 + 26*1). Let b = g + 35. What is the units digit of b?
3
Suppose 13 = -z + 34. What is the units digit of z?
1
Let n(i) be the first derivative of -i**4/4 - i**3 + i**2 + i + 2. What is the units digit of n(-4)?
9
Let h = 17 - 43. Let n = h - -18. Let s = 16 + n. What is the units digit of s?
8
Let a = 13 - 2. Let r(o) = o**3 - 11*o**2 + o + 3. What is the tens digit of r(a)?
1
Let q = -80 + 118. What is the tens digit of q?
3
Let h = 56 - -12. What is the tens digit of h?
6
Suppose 4 = r - 8. What is the tens digit of (r/8)/(1/18)?
2
What is the tens digit of (35 + -33)/(-1 - (-102)/98)?
4
Suppose 0 = 4*n + 104 - 20. Let r = -15 - n. What is the units digit of r?
6
Let d(m) = -m**3 + 13*m**2 - 4*m + 10. What is the hundreds digit of d(11)?
2
What is the tens digit of 21 - 0*4/16?
2
Suppose -2*v + 68 = -4*p, 0 = -5*v - 4*p + 186 - 30. Let u = v - 22. What is the units digit of u?
0
Suppose 2*h = -20*h + 5588. What is the tens digit of h?
5
Let t(f) be the first derivative of f**4/4 + 8*f**3/3 - 5*f**2 - 11*f + 1. Let y be t(-9). What is the units digit of (-2)/(-4)*(y - -14)?
6
Let m = 37 + -24. What is the tens digit of m?
1
Let o(c) = -7*c - 23. Let h(q) = -11*q - 35. Let w(i) = 5*h(i) - 8*o(i). What is the tens digit of w(11)?
2
Let u be (-7)/(-1) + -3 + 2. What is the units digit of (-3)/(-9) - (-16)/u?
3
Let u = 13 - 8. Suppose i = 8 - 3, r = u*i - 11. What is the tens digit of r?
1
Let p = -115 + 347. What is the tens digit of p?
3
Suppose -3*r + 2*r - 20 = 0. Let u = 26 - r. What is the units digit of u?
6
Let n be -1 + (-3)/(9/60). What is the units digit of (-195)/n - (-4)/(-14)?
9
Let k(x) = -5*x**2 - x**3 + 0*x**2 + 6 + 15*x**2. What is the units digit of k(10)?
6
Suppose 28 = -i - 3*i. Let c(l) = l**3 + 7*l**2 - 3*l - 9. Let a be c(i). What is the units digit of a/7 + (-6)/(-21)?
2
Suppose -7*a = -3*a. What is the units digit of 4/(-2) - (-19 - a)?
7
Let s(j) = 4*j + 2. Let w = 23 - 21. What is the tens digit of s(w)?
1
Suppose 8*d = 22*d - 4270. What is the tens digit of d?
0
Let t(n) be the second derivative of -n**6/360 + n**5/15 - n**4/4 - n**3/6 - 5*n. Let l(b) be the second derivative of t(b). What is the units digit of l(6)?
6
Let a = 10 - 6. What is the units digit of (a/4)/((-2)/(-8))?
4
Let i(c) = -c**2 + 6*c + 10. Suppose v + 7 = 2*v. Let l be i(v). Suppose l*a = 7 + 8. What is the units digit of a?
5
Suppose -3*b + 5 = -163. What is the units digit of b?
6
What is the units digit of ((-35)/(-5) - -5)*26/4?
8
Suppose 5*q - 50 = -l, 0 = 5*l + 25. Let f = -5 + q. Suppose h = 2*h - f. What is the units digit of h?
6
What is the units digit of (-1 + 34/4)/((-2)/(-84))?
5
Let w(s) = s - 2. Let c be w(4). Let p = -163 + 46. What is the tens digit of p/(-18)*1*c?
1
Let c(b) be the second derivative of b**5/10 - b**4/12 - b**2/2 + b. Let f(n) = n + 18. Let o be f(-16). What is the units digit of c(o)?
1
Let v be 5/(-10) - (-22)/4. Suppose 4*w - v = 7. What is the units digit of w?
3
Let x be 16/(-1)*1*-2. Let l = -9 + x. What is the units digit of l?
3
Let d = 4 - -1. What is the units digit of d?
5
Let k(b) = -2*b + 1. Let o be k(1). Let g = o + 6. What is the units digit of g?
5
Suppose p = u - 2*p - 24, u + 2*p = 9. Let k = u + -1. Let o = k - 10. What is the units digit of o?
4
Let t = -7 - -12. Let x = -3 + t. Suppose -x*j + 9 = j. What is the units digit of j?
3
Let t(n) = n - 10. Let i be t(7). What is the units digit of (i/1)/1 - -9?
6
Suppose 5*k + 2*j - 18 = 0, -2*k - 3*j = -4*j - 9. Let l(a) = 12*a - 3. What is the units digit of l(k)?
5
Suppose 0 = 9*c - 4*c. Suppose c = j + 5*w - 38, -2*j + 5*w + 172 - 66 = 0. What is the units digit of j?
8
Suppose 3*m - 11 = 4*n, 0*n - 3*n + 3*m = 9. Let d = 4 + 4. Let j = n + d. What is the units digit of j?
6
Let y(i) = -i**2 - 7*i - 9. Let g be y(-6). Let u(b) = -b + 2. Let v be u(g). Suppose 5*n + w - 70 = -0*w, 0 = 2*n + v*w - 5. What is the units digit of n?
5
Let o = -96 - -135. What is the units digit of o?
9
Suppose 6*x - 440 = -32. What is the tens digit of x?
6
Suppose -4 + 39 = -5*r. Let p = 11 + r. What is the units digit of p?
4
Let g(i) = -i**3 + 11*i**2 + i. Suppose -3*n + 42 - 9 = 0. What is the tens digit of g(n)?
1
Let t = -6 - -9. Suppose -x + 4*x = t. What is the units digit of ((-22)/(-2))/x + -2?
9
Let g(q) = q**3 + 6*q**2 - 2. Let b be g(-6). Let x = b + 12. What is the tens digit of x?
1
Let h(f) = -6 - f**2 + 2*f**2 - 4*f + 2. What is the units digit of h(6)?
8
Suppose 2*q = -2*q. Suppose -u + v + 5 = -q*u, -4*v - 14 = -u. What is the units digit of u?
2
Suppose -4*f = -f - 36. What is the units digit of f?
2
Let l = 0 + -6. Let h be l/(-2) - (1 + -2). Suppose -5 = h*q - 5*q. What is the units digit of q?
5
Let s(g) = -3*g**2 + 4*g**3